alse
Let c(v) = -v**2 + 12*v - 19. Let q be c(6). Suppose -15*p - 514 = -q*p. Is p prime?
True
Let j(o) be the third derivative of -o**4/24 + 2*o**3/3 + 9*o**2. Let x be j(1). Suppose 8*f - 105 = x*f. Is f prime?
False
Suppose -672*a + 681*a - 937593 = 0. Is a a composite number?
True
Let b(j) = -9 + 45*j + 113*j + 1 - 29*j. Is b(3) prime?
True
Suppose -4155 - 881 = -4*c. Is c prime?
True
Let h(b) = -158*b**3 - 2*b**2 - 2*b - 1. Let i = 12 - 4. Let s = i - 9. Is h(s) a composite number?
False
Suppose -2*m + 3*m - 5 = 0. Let c be (1 - 16)*(-422)/m. Is (3 + -2)/(6/c) a composite number?
False
Let b = 33 - 39. Let j be 1*(b/(-1) - -1). Suppose -c + 999 = -3*o + j*o, 0 = -2*c - 10. Is o composite?
False
Let y(j) = 75*j + 11. Let d(i) = -i - 2. Let z(l) = -2*d(l) - y(l). Let b(k) = k - 2. Let t be b(-3). Is z(t) a composite number?
True
Suppose 0 = 2*m - 0*j + 5*j - 2365, -3*j = m - 1181. Suppose 2*u = -0*u + m. Is u/14 + (-2)/(-4) a prime number?
True
Let g = -3544 + 1729. Let z = g - -2650. Is z prime?
False
Suppose -5*n = 2375 + 4765. Let a = -425 - n. Is a a composite number?
True
Let j(y) = 110*y**3 + y**2 + y + 1. Let q be j(-1). Suppose -3*s = -4*s + 155. Let c = q + s. Is c a composite number?
True
Suppose 539 = -2*x + 1911. Suppose 2*j = 830 + x. Is j a prime number?
False
Suppose -9*q = -35024 + 12065. Is q composite?
False
Let w be 6/(-4)*(-4192)/24. Let b be (35/(-2) + 2)*-34. Suppose 3*r - 2*m = 273 + w, -b = -3*r + 4*m. Is r composite?
False
Suppose 0 = 6*k + 15 + 21. Let l(p) = -90*p + 13. Is l(k) prime?
False
Let b = 93 + -93. Suppose 5*o = -2*p - b*o + 2509, 0 = -4*p + 3*o + 4979. Is p a prime number?
False
Suppose -2*u - 14090 = -5*t + 1723, -5*t + 5*u = -15810. Is t composite?
False
Let t(u) = -20*u**2 + 3*u + 2. Let r be t(7). Let z(y) = -29*y + 78. Let a be z(-56). Let l = r + a. Is l prime?
False
Suppose 0 = -5*y - 6 + 31. Suppose y*b - 225 = -4*b. Suppose 2610 - b = 5*w. Is w prime?
False
Is 711 + (-13)/(13/2) a prime number?
True
Suppose -23*r + 64116 = -55093. Is r a prime number?
False
Suppose 5*k - 5*n = 25, k + 5*n = -2*k - 25. Suppose k*y - 3338 = -2*y. Is y a prime number?
True
Let o = 33 - 34. Is o/(-2) - 113/(-2) a prime number?
False
Suppose -12 = 2*t - 24. Let l(y) = 8*y**3 - 7*y**2 + 21. Is l(t) a prime number?
False
Suppose 0 = t + 4*t + 15. Let z(g) = -72*g + 7. Is z(t) a prime number?
True
Let f = 5288 + -2253. Is f a prime number?
False
Suppose 3*z = -4*t + 4041, 5*z = -3*t - 3771 + 10517. Suppose -10*g = 2 - 42. Suppose g*i + m - z = 0, -3*m - 1032 = -3*i - 0*m. Is i composite?
True
Is 3*24572/6*3/6 a composite number?
False
Suppose -83*w - 365932 = -111*w. Is w prime?
False
Suppose -4*b = 0, 0*g + 6 = -2*g - 2*b. Is 8/12 - 481/g a composite number?
True
Let c(r) = -3*r + 5094. Let j be c(0). Suppose -l + 4*o = -j, 25493 = 4*l + l + 3*o. Is l a prime number?
False
Let b be ((-45)/(-10) + 3)*4/(-5). Is 9/b - (-533)/2 a prime number?
False
Let k(z) = 3*z**3 + 2*z**2 + 5*z - 7. Let c be k(1). Let q = 4 + -7. Is (230/q)/((-2)/c) a composite number?
True
Suppose 2*m - 884 = 1962. Let b = m + -756. Is b a prime number?
False
Let q be -2 + 9/(9/4). Let x be (-29)/(-1)*13 + q. Let j = x - -67. Is j composite?
True
Let c = -147 + 372. Suppose -5*y = -4210 - c. Is y a prime number?
True
Let a = -92 + 97. Suppose 0 = 3*v + 4*q - 26, -5*v = a*q - 11 - 24. Is v composite?
False
Let r = 13 - 9. Let n = r - 0. Is 1*48 - (n + -3) composite?
False
Let h(m) = -886*m**3 - 2*m**2 - m. Let a be h(-1). Let z be 16/((-524)/(-172) + -3). Let x = a - z. Is x prime?
True
Suppose 25 = -5*i, 2*a + 9 = -2*a - 5*i. Let b(g) = -1 - 2 + 5*g**2 + 18*g**2 + a*g - 2. Is b(4) a prime number?
True
Is 1*-2 - (-9 + 17904/(-8)) a prime number?
False
Let f(y) = 20*y**3 - 3*y**2 - 4*y + 9. Is f(2) prime?
True
Let z = 62 + -70. Is (-2)/z + 9858/24 prime?
False
Suppose -3*b - 4*w + 10 = 0, 5*b - 2*w - 3*w = 5. Suppose b*p = 8933 - 73. Suppose x + p = 5*z, 3*z + 4*x - 2427 = 254. Is z composite?
False
Let h = 11 + -17. Let y = h - -4. Let c(l) = -3*l**3 - 1. Is c(y) prime?
True
Suppose 4*m - 34 + 66 = 0. Is (-282770)/(-40) - (-2)/m a prime number?
True
Let r(z) be the second derivative of -z**5/20 + z**4/12 + z**3/2 + 1693*z**2/2 - 15*z. Is r(0) prime?
True
Let m be (-4 - -2)*22478/4. Let w = 6498 + m. Is 2/(-7) - w/7 a composite number?
False
Let g be (25/20 + -4)*-24. Suppose g = 5*z - 1189. Is z a prime number?
True
Let i(c) = c**2 + 10*c + 10. Let v be i(-9). Let m be (-1 - v)*-2 + 0. Suppose -m*k + 104 = -52. Is k prime?
False
Suppose d + 3*g - 79 = 3*d, 2*d + 84 = 4*g. Let x be (234/8)/(8/d). Let s = x - -191. Is s composite?
True
Let x(b) = b**3 - 2*b**2 - 6*b + 4. Let s be x(4). Suppose -76 = 3*a - 2*v, -a - s = -5*v + 9. Let o = 169 + a. Is o prime?
False
Suppose 4*s = i + i + 6, -6 = 2*i + 5*s. Is i*3/(-6) - 878/(-4) composite?
True
Let h = -2 - -4. Suppose 9 = -h*m + 5*m. Suppose z = 3*a + 456, 4*z - 1814 = 5*a - m*a. Is z prime?
False
Let q be (-1)/7 + (-32310)/63. Let j = -220 - q. Is j composite?
False
Suppose 2*x - 5*m + 8 = 28, -4*x - 20 = 5*m. Let g(o) = -4*o + 83. Let t(r) = -9*r + 166. Let i(d) = 7*g(d) - 3*t(d). Is i(x) composite?
False
Let w(x) be the second derivative of -101*x**4/12 - x**3/6 + 4*x**2 + 10*x. Let p(s) be the first derivative of w(s). Is p(-1) a composite number?
True
Suppose -4*b - 414 = -2*k - 2*b, 0 = k + 4*b - 227. Is -2*k*2/(-4) prime?
True
Suppose p = -3*z + 82, -3*p + 34 = 2*z - 16. Suppose 2*s + 4*v - z = 0, 2*v = 2*s - v + 7. Is (92/(-6))/(s/(-12)) a prime number?
False
Is 20427 - (100/(-26) + (-14)/91) composite?
False
Suppose 276*j - 261*j - 16755 = 0. Is j prime?
True
Suppose -4*n + u + 13508 = 0, -n + 4*u + 1331 = -2046. Is n prime?
False
Let n(t) be the second derivative of -29*t**3/6 - 6*t**2 + t. Is n(-7) a composite number?
False
Suppose 4*n - 6*n = -10. Let f be 2/n + (-68549)/(-65). Suppose 4*o - f = -o. Is o a prime number?
True
Let g(q) be the third derivative of -q**6/120 + q**5/6 + q**4/24 - 5*q**3/3 - 4*q**2. Let n be g(10). Let p(y) = -y**2 - 2*y + 79. Is p(n) prime?
True
Let d = -4 + 62. Suppose 2*b = 576 + d. Is b a composite number?
False
Let c = 14 - 24. Let w(k) = -2*k + 10. Let t be w(c). Suppose 2*y - 172 + t = 0. Is y a composite number?
False
Let h(w) = 42*w**2 - 14*w + 23. Is h(9) composite?
False
Suppose 4*l - 5*m + 10068 = 35191, -4*l = 2*m - 25102. Suppose 3*x + 3*u = -u + l, -2*u + 6287 = 3*x. Is x composite?
False
Let z = 1811 - -11988. Is z a composite number?
False
Let i(o) = 4*o + 5. Let n be i(-14). Let q = 458 + n. Is q a composite number?
True
Let s(o) = -o. Let k(v) = 4*v - 55. Let b(p) = -k(p) - 3*s(p). Is b(0) composite?
True
Suppose -3*j + 0*j = -3*f - 123153, 205247 = 5*j - 3*f. Is j a prime number?
True
Suppose 8013 = -3*l + 1182. Let c be (2/(-7) - (-390)/91) + -1. Is ((-6)/18)/(c/l) a composite number?
True
Let t(w) be the second derivative of w**5/20 - w**4/12 - 28*w**2 - 2*w. Let i be t(0). Let q = -25 - i. Is q composite?
False
Let n = -10 + 10. Suppose -3*w + n*w + 2730 = 0. Suppose -w = -5*i + 1315. Is i prime?
False
Suppose -2*k + 3*z + 832 = 5*z, 5*k + z = 2076. Is k a prime number?
False
Let i(k) = -k + 4. Let s be i(2). Suppose s = -2*l + l - 2*q, 3 = -2*l - 3*q. Suppose 3*u - 209 - 904 = l. Is u composite?
True
Let v(s) = -s**3 - s**2 - s - 1. Let z be v(-1). Suppose -2*q - 716 = -5*k + k, 2*q = -k + 179. Suppose z = a - k - 110. Is a a prime number?
False
Let l(w) = w**3 - 3*w**2 + w - 15. Let s be l(4). Let z = -2 + 59. Let b = z + s. Is b a composite number?
True
Suppose -24*o = 68*o - 110216. Is o a composite number?
True
Let z = 15255 + -8524. Is z prime?
False
Let b(w) = 483*w + 34. Is b(11) composite?
False
Is ((-55340)/16)/5*-8 a prime number?
False
Let r = 4895 + -952. Is r composite?
False
Suppose -8*h + 21 + 35 = 0. Let n(y) = 38*y - 1. Is n(h) prime?
False
Let r(n) = -15*n**2 + 4. Let a(j) = 43*j**2 + j - 13. Let q(k) = -2*a(k) - 7*r(k). Suppose -2*d = 3*z - 1 + 4, 0 = -d + 3*z + 12. Is q(d) composite?
False
Suppose -240334 = 21*q - 632425. Is q prime?
True
Suppose -7*t + 28 = -7. Suppose -t*i + 1529 + 156 = 0. Is i prime?
True
Suppose -18563 = 3*c - 6*c + 4*w, 0 = -5*c - 2*w + 30947. Is c prime?
False
Suppose -5*s = -18 + 3, 5*s = -5*u